5). Let l(a) = a**3 - 5. Is l(i) a prime number?
True
Let f(z) = -8*z - 5. Let n be (-44)/6 - (-4)/12. Is f(n) prime?
False
Suppose 3*g + 4*p = 4*g - 24, 0 = -2*g - 3*p + 15. Is (-8)/g*(-927)/6 a composite number?
False
Let b(a) = -a**2 + 163. Is b(0) composite?
False
Let y = 174 - 47. Is y composite?
False
Suppose h = 4*h - u + 5, u = h - 1. Let c(j) = -19*j - 2. Is c(h) a composite number?
True
Suppose 0 = 2*o + 5 + 9. Let i(q) = 2*q**2 + 5*q - 4. Is i(o) prime?
True
Let a(k) = -804*k - 17. Is a(-4) composite?
True
Let w = -5 - -5. Suppose w = 3*o - 3 - 3, -3*o = -4*l + 82. Is l a prime number?
False
Let m(a) = 707*a**2 + 4*a - 4. Is m(1) prime?
False
Let g(y) = -29*y**3 - y**2 + 2*y - 1. Is g(-2) a composite number?
False
Let l(z) = 36*z**2 + 9*z + 8. Is l(5) prime?
True
Let u(v) = v - 6. Let m be u(8). Is 1/m - 4200/(-16) composite?
False
Suppose 12 + 0 = 3*y. Suppose -6*p + 2*p + y = 0. Is (p/3 - 0)*75 a composite number?
True
Let k = -205 - -91. Let d = 197 + k. Is d a composite number?
False
Suppose j - 34 = -5*r, 2*j + 8 = 4*j. Let y = r + -3. Suppose 0 = -5*l - 2*v + 91, -y*l + 55 = v - 0*v. Is l composite?
False
Let q be (-1)/(-4) + (-828)/(-16). Suppose -q = -2*s - 2*s. Is s prime?
True
Let w be (-3 - -2)/((-2)/(-54)). Let t = w + 238. Is t a composite number?
False
Suppose -5*k + 6*l - 2*l + 10 = 0, -k - l + 2 = 0. Suppose t - 2*z - k*z - 163 = 0, 0 = 2*t - 2*z - 314. Is t a composite number?
True
Let u(t) = t**2 + 5*t + 1. Let c = 0 + -1. Let x(i) = 7*i + 1. Let k be x(c). Is u(k) a composite number?
False
Suppose 2*s - 3*s = 8. Let r(j) = 2*j**2 + 10*j + 7. Is r(s) composite?
True
Suppose 6*d - 1043 = -d. Is d prime?
True
Suppose -2*j = -3*j - 39. Let d = 122 - j. Is d prime?
False
Suppose -53 = -u + 132. Is u composite?
True
Let o(k) = 1 + 4*k + k + 25*k**2 - 4*k. Let p(d) = -d - 7. Let f be p(-6). Is o(f) prime?
False
Suppose 0 = 5*n + 5 - 20. Suppose -5*x - 88 = -4*h - 24, -x = -n*h + 37. Is h a prime number?
True
Let l be (-4)/10 - 13535/(-25). Suppose -3*r - r = 16, s = -3*r + l. Is s a composite number?
True
Let w = 109 - 77. Suppose j = -2*n + 10, -n = -4*j - 5*n + w. Is j a prime number?
False
Suppose 4*z - x = -134, 0 = -3*z - 5*x + 16 - 105. Let r = 99 + z. Suppose r = 4*f - 74. Is f a prime number?
False
Let v(l) be the third derivative of -l**4/24 - 3*l**3/2 + l**2. Let d be v(-11). Suppose 0 = -d*b + 5*b - 195. Is b composite?
True
Let p = -911 + 1978. Let r = -594 + p. Is r prime?
False
Let q(d) be the first derivative of d**4/4 - d**3 + 3*d**2 - d - 2. Is q(5) prime?
True
Suppose 2*x = -3*m + 159, 2*m + 5*x = x + 106. Is m prime?
True
Let f(n) = 4*n**2 - 7*n - 9. Let x(z) = z**2. Let m(c) = -f(c) + 5*x(c). Let q be (2 + 8/(-7))*-7. Is m(q) composite?
False
Let l = 640 + -402. Suppose -l = -5*z + 552. Is z a prime number?
False
Let i(m) = -m**3 + 3*m**2 + 3*m + 1. Let o be i(4). Is o/2 - 154/(-4) composite?
False
Let b = -400 - -280. Let w = -29 - b. Is w prime?
False
Let m be 2 + -1 + -2 - -1. Suppose m = 2*n - 0*n - 6. Suppose -n*g + 365 = -d, -6*g + 476 = -2*g + 4*d. Is g a prime number?
False
Let p = 5 - 3. Suppose 0*n = -3*n. Suppose n = p*y, -5*c + 6*y - y = -565. Is c a composite number?
False
Let b(s) = -116*s - 11. Is b(-6) a composite number?
True
Let b = 76 + -51. Is b composite?
True
Let d(o) = 2*o**2 - 4 + 0*o**2 - 3 - o**2 - 4*o. Is d(-6) a prime number?
True
Let q(m) = 481*m. Is q(1) a composite number?
True
Let y be 17/(-3) + 6/9. Let b(w) be the second derivative of -w**3/2 + 2*w**2 - w. Is b(y) prime?
True
Suppose 4*a - 942 = -2*y + 2*a, -5*a - 928 = -2*y. Is y a prime number?
False
Let j(b) = -15*b + 16. Is j(-11) a prime number?
True
Let k = -7 + 11. Suppose -3*b + 60 = 2*s - s, 0 = -k*s - 4*b + 216. Is s a composite number?
True
Suppose 0 = 5*w + 1069 - 389. Is (w/(-6))/((-8)/(-12)) prime?
False
Suppose 41 = 5*t - 1294. Is t composite?
True
Let f = 699 + -434. Is f a composite number?
True
Let r(n) = -3*n**2 + 1. Let j be r(1). Let u be 47 + 4 + j/1. Suppose 0 = 5*y - 136 - u. Is y composite?
False
Suppose 2*t + 5*d - 2*d - 1408 = 0, 5*d + 1392 = 2*t. Is t prime?
True
Suppose k - r + 233 = 2*r, 5*k + 1176 = 4*r. Let p = 521 - k. Is p prime?
True
Let o(a) = -4 + 4 + 81*a + 2*a. Is o(1) a prime number?
True
Suppose -4*g - 5 = 3. Is 4/g*(-51)/2 prime?
False
Let o be 10 - 9 - (-2 + 0). Let q(k) = 118*k**2 - 2*k - 1. Let u be q(-1). Suppose -o*a = -40 - u. Is a a composite number?
False
Suppose 0 = -6*d + 4*d - 2. Is ((-2)/6)/(d/111) a prime number?
True
Suppose 15 = -2*g - 11. Let k = g - 10. Let a = k + 58. Is a composite?
True
Let d = 20 + -11. Let u = 14 - d. Suppose 10 = u*g - 60. Is g composite?
True
Let x(h) = 9*h**2 + 2*h - 11. Is x(-6) a prime number?
False
Let f(l) = -10*l + 21*l - 8*l - 2*l**3 - 6*l**2 - 7. Is f(-6) composite?
False
Let g = 136 + 55. Is g a prime number?
True
Let h(q) = 2*q**3 + 3*q - 38. Is h(11) composite?
False
Let c = 0 + 6. Let z be (225/c)/3*2. Is (z/10)/((-2)/(-44)) a prime number?
False
Let a = -6 + 10. Suppose a*z - z - 267 = 0. Is z prime?
True
Is -449*4/(4/(-1)) a composite number?
False
Let o(l) be the third derivative of l**4/6 + 13*l**3/6 - l**2. Is o(10) a prime number?
True
Let j = 11 + -8. Let r(p) = -j*p**2 - 1 + 6*p**2 - 2*p + 3 + 1. Is r(4) composite?
False
Let i = -96 + 180. Let x = -50 + i. Is x composite?
True
Suppose -4*n + 84 = 28. Suppose -3*h + h + 8 = -2*r, -2*r = -5*h + n. Suppose h*b + 479 = 4*x + 135, -3*x - 4*b + 247 = 0. Is x a composite number?
True
Let x(t) = -t**3 - 8*t**2 - 7*t + 3. Let h = -3 + 3. Let m(w) = -w**3 - w**2 - 7. Let q be m(h). Is x(q) prime?
True
Suppose -5*p + 127 = -3*p + d, -2*p + 3*d + 139 = 0. Is p prime?
False
Let s(p) = -p**3 + 4*p**2 + 4*p + 6. Suppose 2*k - 6*k + 5 = -3*b, b = 5*k - 20. Let g be s(b). Is (-10)/(-1 + (1 - g)) prime?
False
Let t be 4/6 - 39/(-9). Is 76/t - (-2)/(-10) composite?
True
Suppose -2*t + 30 = -t. Suppose 4*b + b = t. Suppose 2*w - b - 6 = 0. Is w prime?
False
Suppose -l - 2*l = -2343. Is l a composite number?
True
Let v(z) = z**2 - 2*z - 7. Let r be v(5). Suppose -g - 1 = -r. Is g a composite number?
False
Let l = -365 + 844. Is l a prime number?
True
Let a be -4*2/((-8)/9). Let g(i) be the first derivative of 2*i**3/3 - 6*i**2 - i - 12. Is g(a) a composite number?
False
Let s be 0 + -82 - 2*-1. Let c = s + 129. Let r = c + -18. Is r a composite number?
False
Suppose 3*w - 2 = 1. Let i(x) = 36*x**2 + 2*x - 1. Is i(w) a composite number?
False
Suppose 5*p - 2*t - 45 = 3*t, -2*p = -3*t - 20. Is p prime?
True
Let p = -22 - -35. Suppose p = a - 0*a. Suppose 3*b - o - 4 = 0, -2*o - 3*o + a = -4*b. Is b a composite number?
False
Suppose 4*m - b = 3120, 5*b + 0*b = -5*m + 3925. Is m prime?
False
Let l(x) = x**3 + 10*x**2 + x + 7. Is l(-9) composite?
False
Let q = -20 + 35. Is ((-70)/3)/((-10)/q) a composite number?
True
Let g = 304 - 99. Is g a composite number?
True
Let x(i) = -3 + 3*i - i - i**2 + 3*i. Let h be x(5). Is -2*3/h - -29 prime?
True
Let j(a) = -a**3 + a**2 + 9*a + 3. Let d be j(-6). Let o = d - -1. Is 3 - o/(-2) - 1 a prime number?
True
Suppose 14 - 2 = 4*d. Let k(b) = -45*b - 3. Let s be k(-2). Suppose s + 18 = d*x. Is x a prime number?
False
Suppose -25207 = -5*p - 902. Is p a prime number?
True
Suppose -4*d + 10 = -2*r, 0 = -4*d + 2*r + 3*r - 5. Let c(u) = 6 + u + 0*u - u**2 + 5*u. Is c(d) prime?
True
Let u = -39 + -41. Let v = 19 - 60. Let s = v - u. Is s composite?
True
Let f be (10/(-25))/((-1)/125). Suppose q + 12 = f. Is q a prime number?
False
Let n(d) = 5*d**2 - 2*d + 5. Let x(m) be the second derivative of -m**4/6 + m**3/6 - m**2 - 3*m. Let i(f) = -3*n(f) - 8*x(f). Is i(-6) a prime number?
False
Let r be -2*2*(-2)/(-8). Suppose 0 = -3*s + 3 - 6. Is 1 - -11 - (s + r) a prime number?
False
Let h be (-5)/5 - (21 - 1). Is 6/21 + (-309)/h a composite number?
True
Suppose 4*k - f = 4974, -2*k + f + 2488 = -0*k. Is k a prime number?
False
Let o(a) = 3*a**2. Let y be o(1). Suppose 10 + 5 = y*l. Suppose j - 1 = l. Is j composite?
True
Let i = 21 + -17. Suppose i*z = z + 3*m + 1134, -2*z = -3*m - 755. Is z composite?
False
Let z be (3/(-2))/((-8)/(-16)). Let t(h) = -90*h - 3. Is t(z) a composite number?
True
Is (6 - 4 - 61)*-7 a prime number?
False
Is ((-3)/(-1))/(-1) + 322 a